{"id":769,"date":"2021-10-14T15:39:52","date_gmt":"2021-10-14T15:39:52","guid":{"rendered":"http:\/\/ggg.grumme.de\/?page_id=769"},"modified":"2021-10-18T13:14:35","modified_gmt":"2021-10-18T13:14:35","slug":"karten-zum-gewaessersystem","status":"publish","type":"page","link":"https:\/\/ggg.grumme.de\/?page_id=769","title":{"rendered":"Karten zum Gew\u00e4ssersystem"},"content":{"rendered":"<p style=\"text-align: center;\"><span style=\"font-size: 24pt;\">Karten zum Gew\u00e4ssersystem Bochum <br><\/span><\/p>\n<p><img loading=\"lazy\" decoding=\"async\" class=\"wp-image-831 size-medium aligncenter\" src=\"http:\/\/ggg.grumme.de\/wp-content\/uploads\/Karte_4_9_Gewaesserguete-666x528.jpg\" alt=\"Karten zum Gew\u00e4ssersystem\" width=\"666\" height=\"528\" srcset=\"https:\/\/ggg.grumme.de\/wp-content\/uploads\/Karte_4_9_Gewaesserguete-666x528.jpg 666w, https:\/\/ggg.grumme.de\/wp-content\/uploads\/Karte_4_9_Gewaesserguete-1024x812.jpg 1024w, https:\/\/ggg.grumme.de\/wp-content\/uploads\/Karte_4_9_Gewaesserguete-768x609.jpg 768w, https:\/\/ggg.grumme.de\/wp-content\/uploads\/Karte_4_9_Gewaesserguete-1536x1218.jpg 1536w, https:\/\/ggg.grumme.de\/wp-content\/uploads\/Karte_4_9_Gewaesserguete-2048x1624.jpg 2048w, https:\/\/ggg.grumme.de\/wp-content\/uploads\/Karte_4_9_Gewaesserguete-1200x951.jpg 1200w\" sizes=\"auto, (max-width: 666px) 100vw, 666px\" \/><\/p>\n<p><span style=\"font-family: arial, helvetica, sans-serif; font-size: 12pt;\">&nbsp;<\/span><\/p>\n<p><img loading=\"lazy\" decoding=\"async\" class=\"wp-image-829  aligncenter\" src=\"http:\/\/ggg.grumme.de\/wp-content\/uploads\/Abb_2_1_KarteRelief_Vorlage-1-560x666.jpg\" alt=\"Karten zum Gew\u00e4ssersystem\" width=\"576\" height=\"685\" srcset=\"https:\/\/ggg.grumme.de\/wp-content\/uploads\/Abb_2_1_KarteRelief_Vorlage-1-560x666.jpg 560w, https:\/\/ggg.grumme.de\/wp-content\/uploads\/Abb_2_1_KarteRelief_Vorlage-1-861x1024.jpg 861w, https:\/\/ggg.grumme.de\/wp-content\/uploads\/Abb_2_1_KarteRelief_Vorlage-1-768x913.jpg 768w, https:\/\/ggg.grumme.de\/wp-content\/uploads\/Abb_2_1_KarteRelief_Vorlage-1-1292x1536.jpg 1292w, https:\/\/ggg.grumme.de\/wp-content\/uploads\/Abb_2_1_KarteRelief_Vorlage-1-1723x2048.jpg 1723w, https:\/\/ggg.grumme.de\/wp-content\/uploads\/Abb_2_1_KarteRelief_Vorlage-1-1200x1427.jpg 1200w\" sizes=\"auto, (max-width: 576px) 100vw, 576px\" \/><\/p>\n<p>&nbsp;<\/p>\n<p><img loading=\"lazy\" decoding=\"async\" class=\"wp-image-830 size-medium aligncenter\" src=\"http:\/\/ggg.grumme.de\/wp-content\/uploads\/Abb_2_7b_Quellen_CastroperHoehen_Vorlage-1-595x666.jpg\" alt=\"Karten zum Gew\u00e4ssersystem\" width=\"595\" height=\"666\" srcset=\"https:\/\/ggg.grumme.de\/wp-content\/uploads\/Abb_2_7b_Quellen_CastroperHoehen_Vorlage-1-595x666.jpg 595w, https:\/\/ggg.grumme.de\/wp-content\/uploads\/Abb_2_7b_Quellen_CastroperHoehen_Vorlage-1-914x1024.jpg 914w, https:\/\/ggg.grumme.de\/wp-content\/uploads\/Abb_2_7b_Quellen_CastroperHoehen_Vorlage-1-768x860.jpg 768w, https:\/\/ggg.grumme.de\/wp-content\/uploads\/Abb_2_7b_Quellen_CastroperHoehen_Vorlage-1-1371x1536.jpg 1371w, https:\/\/ggg.grumme.de\/wp-content\/uploads\/Abb_2_7b_Quellen_CastroperHoehen_Vorlage-1-1828x2048.jpg 1828w, https:\/\/ggg.grumme.de\/wp-content\/uploads\/Abb_2_7b_Quellen_CastroperHoehen_Vorlage-1-1200x1344.jpg 1200w, https:\/\/ggg.grumme.de\/wp-content\/uploads\/Abb_2_7b_Quellen_CastroperHoehen_Vorlage-1.jpg 1974w\" sizes=\"auto, (max-width: 595px) 100vw, 595px\" \/><\/p>\n<p><strong><a href=\"https:\/\/www.beck-shop.de\/zepp-schmitt-otto-siedlung-landschaft-westfalen-42-oekologische-klimatische-perspektiven-stadtlandschaft-bochums\/product\/31934054\"><img loading=\"lazy\" decoding=\"async\" class=\"wp-image-756 alignleft\" src=\"http:\/\/ggg.grumme.de\/wp-content\/uploads\/Buch__Zepp.jpg\" alt=\"Karten zum Gew\u00e4ssersystem\" width=\"133\" height=\"190\"><\/a><\/strong><strong>alle Karten aus:<\/strong><\/p>\n<p><span style=\"font-family: arial, helvetica, sans-serif; font-size: 12pt;\">Harald Zepp, Thomas Schmitt, Karl-Heinz Otto, \u00d6kologische und klimatische Perspektiven auf die Stadtlandschaft Bochums <br>2020&nbsp;&nbsp; Aschendorff Verlag (LWL)<a href=\"https:\/\/www.beck-shop.de\/reihen\/siedlung-und-landschaft-in-westfalen\/28500\"><br><\/a>darin:<a href=\"https:\/\/www.beck-shop.de\/reihen\/siedlung-und-landschaft-in-westfalen\/28500\"><br><\/a>Harald Zepp, Till Kasielke, Das Relief &#8211; Bezugsfl\u00e4che f\u00fcr Siedlung und Nutzung, S.3ff<br>H. Zepp, Die &#8222;blaue&#8220; Natur: Ver\u00e4nderungen von Wasserhaushalt und Gew\u00e4ssern S.17ff<\/span><\/p>\n<p>&nbsp;<\/p>\n\n\n\n<p><\/p>\n<p>&nbsp;<\/p>","protected":false},"excerpt":{"rendered":"<p>Karten zum Gew\u00e4ssersystem Bochum &nbsp; &nbsp; alle Karten aus: Harald Zepp, Thomas Schmitt, Karl-Heinz Otto, \u00d6kologische und klimatische Perspektiven auf die Stadtlandschaft Bochums 2020&nbsp;&nbsp; Aschendorff&#8230;<\/p>\n<div class=\"more-link-wrapper\"><a class=\"more-link\" href=\"https:\/\/ggg.grumme.de\/?page_id=769\">Weiterlesen<span class=\"screen-reader-text\">Karten zum Gew\u00e4ssersystem<\/span><\/a><\/div>\n","protected":false},"author":2,"featured_media":0,"parent":426,"menu_order":16,"comment_status":"closed","ping_status":"closed","template":"","meta":{"ngg_post_thumbnail":0,"iawp_total_views":104,"powered_cache_disable_cache":false,"footnotes":""},"class_list":["post-769","page","type-page","status-publish","hentry","entry"],"_links":{"self":[{"href":"https:\/\/ggg.grumme.de\/index.php?rest_route=\/wp\/v2\/pages\/769","targetHints":{"allow":["GET"]}}],"collection":[{"href":"https:\/\/ggg.grumme.de\/index.php?rest_route=\/wp\/v2\/pages"}],"about":[{"href":"https:\/\/ggg.grumme.de\/index.php?rest_route=\/wp\/v2\/types\/page"}],"author":[{"embeddable":true,"href":"https:\/\/ggg.grumme.de\/index.php?rest_route=\/wp\/v2\/users\/2"}],"replies":[{"embeddable":true,"href":"https:\/\/ggg.grumme.de\/index.php?rest_route=%2Fwp%2Fv2%2Fcomments&post=769"}],"version-history":[{"count":14,"href":"https:\/\/ggg.grumme.de\/index.php?rest_route=\/wp\/v2\/pages\/769\/revisions"}],"predecessor-version":[{"id":849,"href":"https:\/\/ggg.grumme.de\/index.php?rest_route=\/wp\/v2\/pages\/769\/revisions\/849"}],"up":[{"embeddable":true,"href":"https:\/\/ggg.grumme.de\/index.php?rest_route=\/wp\/v2\/pages\/426"}],"wp:attachment":[{"href":"https:\/\/ggg.grumme.de\/index.php?rest_route=%2Fwp%2Fv2%2Fmedia&parent=769"}],"curies":[{"name":"wp","href":"https:\/\/api.w.org\/{rel}","templated":true}]}}