{"id":4868,"date":"2025-12-05T18:40:48","date_gmt":"2025-12-05T17:40:48","guid":{"rendered":"https:\/\/ggg.grumme.de\/?page_id=4868"},"modified":"2026-02-21T16:16:52","modified_gmt":"2026-02-21T15:16:52","slug":"freiherr-vom-stein-schule-heinrich-boell-gesamtschule","status":"publish","type":"page","link":"https:\/\/ggg.grumme.de\/?page_id=4868","title":{"rendered":"Freiherr-vom-Stein-Schule"},"content":{"rendered":"<p>&nbsp; &nbsp;<\/p>\n<p>&nbsp;<\/p>\n<figure style=\"width: 338px\" class=\"wp-caption alignleft\"><img loading=\"lazy\" decoding=\"async\" src=\"https:\/\/ggg.grumme.de\/wp-content\/uploads\/Freiherr-vom-stein-schule_bochum_1900.jpg\" alt=\"Freiherr-vom-Stein-Schule\" width=\"338\" height=\"197\"><figcaption class=\"wp-caption-text\">Freiherr-vom-Stein-Schule Arndtstr. Foto wikipedia<\/figcaption><\/figure>\n<p><span style=\"font-family: arial, helvetica, sans-serif; color: #000000; font-size: 14pt;\">Die Freiherr-vom-Stein-Schule geht auf die 1865 gegr\u00fcndete \u201aH\u00f6here T\u00f6chterschule\u2018 zur\u00fcck.<br \/>\n<\/span><span style=\"font-family: arial, helvetica, sans-serif; color: #000000; font-size: 14pt;\">Diese befand sich ab 1870 in der Bochumer Innenstadt an der Humboldtstra\u00dfe, ab 1900 an der Arndtstra\u00dfe<i>. <\/i><\/span><span style=\"font-family: arial, helvetica, sans-serif; color: #000000; font-size: 14pt;\">Sp\u00e4ter wurde sie nach dem preu\u00dfischen Reformer Heinrich Friedrich Karl vom Stein (1757\u20131831) in <i>Freiherr-vom-Stein-Schule<\/i> umbenannt.<\/span><\/p>\n<p>&nbsp;<\/p>\n<figure style=\"width: 397px\" class=\"wp-caption alignright\"><img loading=\"lazy\" decoding=\"async\" class=\"\" src=\"https:\/\/ggg.grumme.de\/wp-content\/uploads\/Agnesstr.jpg\" alt=\"Freiherr-vom-Stein-Schule\" width=\"397\" height=\"185\"><figcaption class=\"wp-caption-text\">Auszug aus dem Stadtplan von 1905 (Encke Plan)<\/figcaption><\/figure>\n<p><span style=\"font-family: arial, helvetica, sans-serif; color: #000000; font-size: 14pt;\"><br \/>\nDas Schulgrundst\u00fcck an der Agnesstra\u00dfe liegt oberhalb der fr\u00fcheren &#8218;Kleinen V\u00f6de&#8216; und geh\u00f6rte dem Bauern Bussmann.<\/span><\/p>\n<p>&nbsp;<\/p>\n<p>&nbsp;<\/p>\n<figure style=\"width: 279px\" class=\"wp-caption alignleft\"><img loading=\"lazy\" decoding=\"async\" class=\"\" src=\"https:\/\/ggg.grumme.de\/wp-content\/uploads\/Skizze-FrSteinWAZ1Aug53.jpg\" alt=\"Freiherr-vom-Stein-Schule\" width=\"279\" height=\"238\"><figcaption class=\"wp-caption-text\">WAZ 1.8.1953<\/figcaption><\/figure>\n<p><span style=\"font-family: arial, helvetica, sans-serif; font-size: 14pt; color: #000000;\">Nachdem das Schulgeb\u00e4ude an der Arndtstra\u00dfe im Krieg zerst\u00f6rt worden war, hatte sich die&nbsp; M\u00e4dchenschule mit der Goethe Schule deren Geb\u00e4ude geteilt. <\/span><span style=\"font-family: arial, helvetica, sans-serif; font-size: 14pt; color: #000000;\">1952 wurde der Neubau des M\u00e4dchen-Gymnasiums <\/span><span style=\"font-family: arial, helvetica, sans-serif; font-size: 14pt; color: #000000;\">an der <i>Agnesstra\u00dfe<\/i> beschlossen. Architekt war <i>Hans Knirsch<\/i> vom St\u00e4dtischen Planungsamt. Dieser erste <\/span><span style=\"font-family: arial, helvetica, sans-serif; color: #000000; font-size: 14pt;\">Neubau einer &#8222;Oberschule&#8220; nach dem Zweiten Weltkrieg war als neusprachliches M\u00e4dchengymnasium.konzipiert. 1956 konnten die ersten Geb\u00e4ude bezogen werden. 1958 waren auch <\/span><span style=\"font-family: arial, helvetica, sans-serif; color: #000000; font-size: 14pt;\">Aula, Turnhalle mit zus\u00e4tzlichem Gymnastiksaal und Wohnhaus f\u00fcr Hausmeister, Heizer und Hallenwart fertiggestellt.<br \/>\nDie Agnesstra\u00dfe war dazu verl\u00e4ngert worden. Auch ein Sportplatz wurde neu angelegt, weil der Sportplatz in der Schmechtingwiese wegen des neuen &#8218;Gr\u00fcnzugs Nord&#8216; aufgegeben werden musste.<\/span><\/p>\n<figure style=\"width: 751px\" class=\"wp-caption aligncenter\"><img loading=\"lazy\" decoding=\"async\" class=\"\" src=\"https:\/\/ggg.grumme.de\/wp-content\/uploads\/reihStein1959.jpg\" alt=\"Freiherr-vom-Stein-Schule\" width=\"751\" height=\"545\"><figcaption class=\"wp-caption-text\">Foto Stadt Bochum<\/figcaption><\/figure>\n<p><span style=\"font-family: arial, helvetica, sans-serif; color: #000000; font-size: 14pt;\"><em><span style=\"font-size: 12pt;\">Auf diesem Foto von 1959 sieht man vorne die neu erbaute Freiherr-vom-Stein-Schule mit Turnhalle und Sportplatz. Dahinter verl\u00e4uft die B1, die damals zur Autobahn ausgebaut wurde. Ganz rechts der Neubau der Fabrik Pongs &amp; Zahn.<\/span><\/em><br \/>\n<em><span style=\"font-size: 12pt;\">Parallel zur B1 die Vierhaussstra\u00dfe, dar\u00fcber die Grummer Stra\u00dfe, beide mit vielen Neubauten.<\/span><\/em><br \/>\n<\/span><\/p>\n<p><span style=\"font-family: arial, helvetica, sans-serif; font-size: 14pt; color: #000000;\">Die gro\u00dfe Aula war von Anfang an als Theaterb\u00fchne geplant, weil die Stadt in jedem Stadtteil Kulturr\u00e4ume schaffen wollte. Die Aula wurde gro\u00dfz\u00fcgig ausgestattet mit r\u00fcckw\u00e4rtigen K\u00fcnstlergarderoben, Schn\u00fcrboden und begehbarem Beleuchtungsboden unter dem Dach, einem Projektorraum f\u00fcr Kinoprojektionen und mit dem feudalen Foyer mit gro\u00dfen beidseitigen Garderoben.<\/span><\/p>\n<p><span style=\"font-family: arial, helvetica, sans-serif; font-size: 14pt; color: #000000;\">Erst 1967 durften auch Jungen das Gymnasium besuchen. Sp\u00e4ter war die Schule bekannt f\u00fcr ihren hohen Anteil an Sch\u00fclerInnen aus Arbeiterfamilien.<\/span><\/p>\n<p><span style=\"color: #000000;\"><span style=\"font-family: arial, helvetica, sans-serif; font-size: 14pt;\">Das Geb\u00e4ude der neu erbauten Carl-L\u00fchrig-Schule wurde 1969 an der benachbarten Gretchenstra\u00dfe errichtet.<br \/>\n1990, zum 125-j\u00e4hrigen Bestehen der Freiherr-vom-Stein-Schule, wurde das Gymnasium geschlossen. (s.u.)<\/span><\/span><\/p>\n<p>&nbsp;<\/p>\n<p align=\"left\">&nbsp;<\/p>\n<p>&nbsp;<\/p>\n","protected":false},"excerpt":{"rendered":"<p>&nbsp; &nbsp; &nbsp; Die Freiherr-vom-Stein-Schule geht auf die 1865 gegr\u00fcndete \u201aH\u00f6here T\u00f6chterschule\u2018 zur\u00fcck. Diese befand sich ab 1870 in der Bochumer Innenstadt an der Humboldtstra\u00dfe,&#8230;<\/p>\n<div class=\"more-link-wrapper\"><a class=\"more-link\" href=\"https:\/\/ggg.grumme.de\/?page_id=4868\">Weiterlesen<span class=\"screen-reader-text\">Freiherr-vom-Stein-Schule<\/span><\/a><\/div>\n","protected":false},"author":2,"featured_media":0,"parent":2770,"menu_order":0,"comment_status":"closed","ping_status":"closed","template":"","meta":{"ngg_post_thumbnail":0,"iawp_total_views":157,"powered_cache_disable_cache":false,"footnotes":""},"class_list":["post-4868","page","type-page","status-publish","hentry","entry"],"_links":{"self":[{"href":"https:\/\/ggg.grumme.de\/index.php?rest_route=\/wp\/v2\/pages\/4868","targetHints":{"allow":["GET"]}}],"collection":[{"href":"https:\/\/ggg.grumme.de\/index.php?rest_route=\/wp\/v2\/pages"}],"about":[{"href":"https:\/\/ggg.grumme.de\/index.php?rest_route=\/wp\/v2\/types\/page"}],"author":[{"embeddable":true,"href":"https:\/\/ggg.grumme.de\/index.php?rest_route=\/wp\/v2\/users\/2"}],"replies":[{"embeddable":true,"href":"https:\/\/ggg.grumme.de\/index.php?rest_route=%2Fwp%2Fv2%2Fcomments&post=4868"}],"version-history":[{"count":81,"href":"https:\/\/ggg.grumme.de\/index.php?rest_route=\/wp\/v2\/pages\/4868\/revisions"}],"predecessor-version":[{"id":5373,"href":"https:\/\/ggg.grumme.de\/index.php?rest_route=\/wp\/v2\/pages\/4868\/revisions\/5373"}],"up":[{"embeddable":true,"href":"https:\/\/ggg.grumme.de\/index.php?rest_route=\/wp\/v2\/pages\/2770"}],"wp:attachment":[{"href":"https:\/\/ggg.grumme.de\/index.php?rest_route=%2Fwp%2Fv2%2Fmedia&parent=4868"}],"curies":[{"name":"wp","href":"https:\/\/api.w.org\/{rel}","templated":true}]}}