{"id":197,"date":"2021-05-27T11:32:09","date_gmt":"2021-05-27T11:32:09","guid":{"rendered":"http:\/\/ggg.grumme.de\/?page_id=197"},"modified":"2026-08-23T17:29:29","modified_gmt":"2026-08-23T16:29:29","slug":"geschichtsgruppe","status":"publish","type":"page","link":"https:\/\/ggg.grumme.de\/?page_id=197","title":{"rendered":"GeschichtsGruppeGrumme"},"content":{"rendered":"<p><span style=\"font-size: 18pt; color: #000000; font-family: arial, helvetica, sans-serif;\"><strong>Informationen zur GeschichtsGruppeGrumme<\/strong><\/span><\/p>\n<p><span style=\"font-size: 18pt; color: #000000; font-family: arial, helvetica, sans-serif;\"><span style=\"font-size: 14pt;\">Im Volkshochschulkurs &#8218;<em>Grummer Geschichte(n) \u2013 Erlebt. Erz\u00e4hlt. Erforscht.\u201c&#8216;&nbsp; <\/em>haben sich 2017 einige Grummer Heimatforscher und Chronisten zur&nbsp; <em>Grummer Geschichts Gruppe<\/em> (<strong>GGG)&nbsp;<\/strong>zusammengefunden. Schon in fr\u00fcheren Jahren hatten Grummes Heimatforscher eigene Ergebnisse ver\u00f6ffentlicht. Nun entwickelte sich die Idee: \u201eWir wissen, wie die Grummer Geschichte verlief und das m\u00fcssen wir weitergeben\u201c.&nbsp;<\/span><\/span><\/p>\n<p><img alt=\"GeschichtsGruppeGrumme\" loading=\"lazy\" decoding=\"async\" class=\"aligncenter\" src=\"https:\/\/ggg.grumme.de\/wp-content\/uploads\/GGG_SitzgMrz25a.jpg\" width=\"367\" height=\"299\"><\/p>\n<p style=\"text-align: center;\"><span style=\"font-family: arial, helvetica, sans-serif; color: #000000;\"><em>GrummerGeschichtsGruppe bei der Arbeit im M\u00e4rz 2025<\/em><\/span><\/p>\n<p class=\"western\"><span style=\"font-family: arial, helvetica, sans-serif; color: #000000;\"><span style=\"font-size: large;\"><b>Wer wir sind:<\/b><\/span><\/span><\/p>\n<p class=\"western\"><span style=\"font-family: arial, helvetica, sans-serif; color: #000000;\"><span style=\"font-size: large;\">Wir erforschen als B\u00fcrgerinnen und B\u00fcrger des Bochumer Stadtteils die Grummer Geschichte. Wir recherchieren ergebnisoffen mit wissenschaftlichem Anspruch und thematisieren auch die dunklen Seiten der Grummer Geschichte.<br \/>\n<\/span><\/span><span style=\"font-family: arial, helvetica, sans-serif; color: #000000;\"><span style=\"font-size: large;\">Wir kooperieren mit anderen Institutionen wie der VHS, dem Bergbau-Museum, dem StadtTeilLaden Grumme und der <\/span><strong><span style=\"font-size: large;\">Initiative Gedenkort Bochum-Bergen.<\/span><\/strong><\/span><\/p>\n<p class=\"western\"><span style=\"font-family: arial, helvetica, sans-serif; color: #000000;\"><span style=\"font-size: large;\"><b>Was wir tun:<\/b><\/span><\/span><\/p>\n<ul>\n<li><span style=\"font-family: arial, helvetica, sans-serif; color: #000000;\"><span style=\"font-size: large;\">Wir recherchieren und konzipieren Geschichtstafeln zu einzelnen Orten in Bochum-Grumme, z. B. zu Schulen, Kirchen und ehemaligen Bauernh\u00f6fen.<\/span><\/span><\/li>\n<li><span style=\"font-family: arial, helvetica, sans-serif; color: #000000;\"><span style=\"font-size: large;\">Wir f\u00fchren historische Rundg\u00e4nge durch.<\/span><\/span><\/li>\n<li><span style=\"font-family: arial, helvetica, sans-serif; color: #000000;\"><span style=\"font-size: large;\">Wir informieren bei Festen und Feiern \u00fcber unsere Arbeit.<\/span><\/span><\/li>\n<li><span style=\"font-family: arial, helvetica, sans-serif; color: #000000;\"><span style=\"font-size: large;\">Wir geben Brosch\u00fcren heraus.<\/span><\/span><\/li>\n<\/ul>\n<p class=\"western\"><span style=\"font-family: arial, helvetica, sans-serif; color: #000000;\"><span style=\"font-size: large;\">Auf unserer Homepage zeigen wir historische Stadtpl\u00e4ne, alte Postkarten und Fotos. Wir informieren dort dar\u00fcber hinaus \u00fcber Ereignisse aus der Grummer Geschichte, z. B. \u00fcber das Stadion, \u00fcber Schulen und \u00fcber Zwangsarbeit in den Weltkriegen. Auch die Geschichte des Grummer Bachtals geh\u00f6rt dazu.<\/span><\/span><\/p>\n<p class=\"western\"><span style=\"font-family: arial, helvetica, sans-serif; color: #000000;\"><span style=\"font-size: large;\"><b>Wann und wo wir erreichbar sind:<\/b><\/span><\/span><\/p>\n<p class=\"western\"><span style=\"font-family: arial, helvetica, sans-serif; color: #000000;\"><span style=\"font-size: large;\">Unsere Gruppe trifft sich an jedem dritten Mittwoch im Monat um 19 Uhr im Gemeindezentrum der Kirchengemeinde Seliger Nikolaus Gro\u00df, An der Kaiseraue 12, 44807 Bochum-Grumme.<\/span><\/span><\/p>\n<p class=\"western\"><span style=\"font-family: arial, helvetica, sans-serif; color: #000000;\"><span style=\"font-size: large;\">Falls Sie Interesse haben, kommen Sie doch einfach vorbei. Sie sind herzlich willkommen!<\/span><\/span><\/p>\n<p><span style=\"font-family: arial, helvetica, sans-serif; font-size: 14pt; color: #000000;\">Die Arbeit der GGG wird von der Bezirksvertretung Mitte der Stadt Bochum gef\u00f6rdert.<\/span><\/p>\n<p>&nbsp;<\/p>\n<p><span style=\"font-family: arial, helvetica, sans-serif; color: #000000;\">Beim <strong>Grummer Seenfest<\/strong> am 27. und 28. Juni 2026 haben wir unsere Arbeit vorgestellt.<\/span><\/p>\n<p><span style=\"font-family: arial, helvetica, sans-serif; color: #000000;\"><img alt=\"GeschichtsGruppeGrumme\" loading=\"lazy\" decoding=\"async\" class=\"alignleft\" src=\"https:\/\/ggg.grumme.de\/wp-content\/uploads\/seefest1.jpg\" width=\"305\" height=\"172\"><\/span><\/p>\n<p><span style=\"font-family: arial, helvetica, sans-serif; color: #000000;\">Auch die Bezirksb\u00fcrgermeisterin Barbara Menke und der OB J\u00f6rg Lukat informierten sich an unserem Stand \u00fcber die Arbeit der GGG.<\/span><\/p>\n<p><span style=\"font-family: arial, helvetica, sans-serif; color: #000000;\">Der Bezirksb\u00fcrgermeisterin \u00fcberreichten wir ein Exemplar unserer Brosch\u00fcre mit Abbildungen aller Geschichtstafeln.<\/span><\/p>\n<p><span style=\"font-family: arial, helvetica, sans-serif; color: #000000;\">.<\/span><\/p>\n<figure style=\"width: 228px\" class=\"wp-caption alignleft\"><img loading=\"lazy\" decoding=\"async\" class=\"\" src=\"https:\/\/ggg.grumme.de\/wp-content\/uploads\/seefest2.jpg\" alt=\"GeschichtsGruppeGrumme\" width=\"228\" height=\"164\"><figcaption class=\"wp-caption-text\">&nbsp; &nbsp;&nbsp; <span style=\"font-family: arial, helvetica, sans-serif; color: #000000;\">Fotos Lutz Hochhaus, Ulrich Linnhoff<\/span><\/figcaption><\/figure>\n<p><img loading=\"lazy\" decoding=\"async\" class=\"alignright\" src=\"https:\/\/ggg.grumme.de\/wp-content\/uploads\/SeefestBuehne1.jpg\" alt=\"GeschichtsGruppeGrumme\" width=\"215\" height=\"161\" data-wp-editing=\"1\"><\/p>\n<p>&nbsp;<\/p>\n<p>uuu<\/p>\n<p>&nbsp;<\/p>\n<p>&nbsp;<\/p>\n<p>&nbsp;<\/p>\n<p style=\"text-align: center;\">&nbsp;<\/p>\n<table style=\"border-collapse: collapse; width: 100%; height: 55px;\">\n<tbody>\n<tr style=\"height: 55px;\">\n<td style=\"width: 89.884%; height: 55px;\">&nbsp;<\/td>\n<td style=\"width: 10.1159%; height: 55px;\">&nbsp;<\/td>\n<\/tr>\n<\/tbody>\n<\/table>\n<p><img loading=\"lazy\" decoding=\"async\" class=\"aligncenter\" src=\"https:\/\/ggg.grumme.de\/wp-content\/uploads\/FotoMuehleGGG-scaled.jpg\" alt=\"GeschichtsGruppeGrumme\" width=\"559\" height=\"384\"><\/p>\n<p><span style=\"font-family: arial, helvetica, sans-serif; font-size: 14pt;\">Kontakt: Heinz Schlinkert <u><a href=\"mailto:ggg@schlinkert.eu\">ggg@schlinkert.eu<\/a><\/u>.<\/span><\/p>\n<blockquote class=\"wp-embedded-content\" data-secret=\"ns8xXhXPsk\"><p><a href=\"https:\/\/ggg.grumme.de\/?page_id=2204\">Archiv<\/a><\/p><\/blockquote>\n<p><iframe loading=\"lazy\" class=\"wp-embedded-content\" sandbox=\"allow-scripts\" security=\"restricted\" style=\"position: absolute; visibility: hidden;\" title=\"\u201eArchiv\u201c \u2013 GeschichtsGruppeGrumme\" src=\"https:\/\/ggg.grumme.de\/?page_id=2204&amp;embed=true#?secret=EBNvmobn80#?secret=ns8xXhXPsk\" data-secret=\"ns8xXhXPsk\" width=\"500\" height=\"282\" frameborder=\"0\" marginwidth=\"0\" marginheight=\"0\" scrolling=\"no\"><\/iframe><\/p>\n<blockquote class=\"wp-embedded-content\" data-secret=\"NOBZtUcNqi\"><p><a href=\"https:\/\/ggg.grumme.de\/?page_id=2487\">R\u00e4tsel<\/a><\/p><\/blockquote>\n<p><iframe loading=\"lazy\" class=\"wp-embedded-content\" sandbox=\"allow-scripts\" security=\"restricted\" style=\"position: absolute; visibility: hidden;\" title=\"\u201eR\u00e4tsel\u201c \u2013 GeschichtsGruppeGrumme\" src=\"https:\/\/ggg.grumme.de\/?page_id=2487&amp;embed=true#?secret=WdfnrBFIrx#?secret=NOBZtUcNqi\" data-secret=\"NOBZtUcNqi\" width=\"500\" height=\"282\" frameborder=\"0\" marginwidth=\"0\" marginheight=\"0\" scrolling=\"no\"><\/iframe><\/p>\n<p>&nbsp;<\/p>\n","protected":false},"excerpt":{"rendered":"<p>Informationen zur GeschichtsGruppeGrumme Im Volkshochschulkurs &#8218;Grummer Geschichte(n) \u2013 Erlebt. Erz\u00e4hlt. Erforscht.\u201c&#8216;&nbsp; haben sich 2017 einige Grummer Heimatforscher und Chronisten zur&nbsp; Grummer Geschichts Gruppe (GGG)&nbsp;zusammengefunden. Schon&#8230;<\/p>\n<div class=\"more-link-wrapper\"><a class=\"more-link\" href=\"https:\/\/ggg.grumme.de\/?page_id=197\">Weiterlesen<span class=\"screen-reader-text\">GeschichtsGruppeGrumme<\/span><\/a><\/div>\n","protected":false},"author":2,"featured_media":0,"parent":0,"menu_order":14,"comment_status":"closed","ping_status":"closed","template":"","meta":{"ngg_post_thumbnail":0,"iawp_total_views":289,"powered_cache_disable_cache":false,"footnotes":""},"class_list":["post-197","page","type-page","status-publish","hentry","entry"],"_links":{"self":[{"href":"https:\/\/ggg.grumme.de\/index.php?rest_route=\/wp\/v2\/pages\/197","targetHints":{"allow":["GET"]}}],"collection":[{"href":"https:\/\/ggg.grumme.de\/index.php?rest_route=\/wp\/v2\/pages"}],"about":[{"href":"https:\/\/ggg.grumme.de\/index.php?rest_route=\/wp\/v2\/types\/page"}],"author":[{"embeddable":true,"href":"https:\/\/ggg.grumme.de\/index.php?rest_route=\/wp\/v2\/users\/2"}],"replies":[{"embeddable":true,"href":"https:\/\/ggg.grumme.de\/index.php?rest_route=%2Fwp%2Fv2%2Fcomments&post=197"}],"version-history":[{"count":27,"href":"https:\/\/ggg.grumme.de\/index.php?rest_route=\/wp\/v2\/pages\/197\/revisions"}],"predecessor-version":[{"id":5746,"href":"https:\/\/ggg.grumme.de\/index.php?rest_route=\/wp\/v2\/pages\/197\/revisions\/5746"}],"wp:attachment":[{"href":"https:\/\/ggg.grumme.de\/index.php?rest_route=%2Fwp%2Fv2%2Fmedia&parent=197"}],"curies":[{"name":"wp","href":"https:\/\/api.w.org\/{rel}","templated":true}]}}

<p><span style="font-size: 18pt; color: #000000; font-family: arial, helvetica, sans-serif;"><strong>Informationen zur GeschichtsGruppeGrumme</strong></span></p>
<p><span style="font-size: 18pt; color: #000000; font-family: arial, helvetica, sans-serif;"><span style="font-size: 14pt;">Im Volkshochschulkurs &#8218;<em>Grummer Geschichte(n) – Erlebt. Erzählt. Erforscht.“&#8216;&nbsp; </em>haben sich 2017 einige Grummer Heimatforscher und Chronisten zur&nbsp; <em>Grummer Geschichts Gruppe</em> (<strong>GGG)&nbsp;</strong>zusammengefunden. Schon in früheren Jahren hatten Grummes Heimatforscher eigene Ergebnisse veröffentlicht. Nun entwickelte sich die Idee: „Wir wissen, wie die Grummer Geschichte verlief und das müssen wir weitergeben“.&nbsp;</span></span></p>
<p><img alt="GeschichtsGruppeGrumme" loading="lazy" decoding="async" class="aligncenter" src="https://ggg.grumme.de/wp-content/uploads/GGG_SitzgMrz25a.jpg" width="367" height="299"></p>
<p style="text-align: center;"><span style="font-family: arial, helvetica, sans-serif; color: #000000;"><em>GrummerGeschichtsGruppe bei der Arbeit im März 2025</em></span></p>
<p class="western"><span style="font-family: arial, helvetica, sans-serif; color: #000000;"><span style="font-size: large;"><b>Wer wir sind:</b></span></span></p>
<p class="western"><span style="font-family: arial, helvetica, sans-serif; color: #000000;"><span style="font-size: large;">Wir erforschen als Bürgerinnen und Bürger des Bochumer Stadtteils die Grummer Geschichte. Wir recherchieren ergebnisoffen mit wissenschaftlichem Anspruch und thematisieren auch die dunklen Seiten der Grummer Geschichte.<br />
</span></span><span style="font-family: arial, helvetica, sans-serif; color: #000000;"><span style="font-size: large;">Wir kooperieren mit anderen Institutionen wie der VHS, dem Bergbau-Museum, dem StadtTeilLaden Grumme und der </span><strong><span style="font-size: large;">Initiative Gedenkort Bochum-Bergen.</span></strong></span></p>
<p class="western"><span style="font-family: arial, helvetica, sans-serif; color: #000000;"><span style="font-size: large;"><b>Was wir tun:</b></span></span></p>
<ul>
<li><span style="font-family: arial, helvetica, sans-serif; color: #000000;"><span style="font-size: large;">Wir recherchieren und konzipieren Geschichtstafeln zu einzelnen Orten in Bochum-Grumme, z. B. zu Schulen, Kirchen und ehemaligen Bauernhöfen.</span></span></li>
<li><span style="font-family: arial, helvetica, sans-serif; color: #000000;"><span style="font-size: large;">Wir führen historische Rundgänge durch.</span></span></li>
<li><span style="font-family: arial, helvetica, sans-serif; color: #000000;"><span style="font-size: large;">Wir informieren bei Festen und Feiern über unsere Arbeit.</span></span></li>
<li><span style="font-family: arial, helvetica, sans-serif; color: #000000;"><span style="font-size: large;">Wir geben Broschüren heraus.</span></span></li>
</ul>
<p class="western"><span style="font-family: arial, helvetica, sans-serif; color: #000000;"><span style="font-size: large;">Auf unserer Homepage zeigen wir historische Stadtpläne, alte Postkarten und Fotos. Wir informieren dort darüber hinaus über Ereignisse aus der Grummer Geschichte, z. B. über das Stadion, über Schulen und über Zwangsarbeit in den Weltkriegen. Auch die Geschichte des Grummer Bachtals gehört dazu.</span></span></p>
<p class="western"><span style="font-family: arial, helvetica, sans-serif; color: #000000;"><span style="font-size: large;"><b>Wann und wo wir erreichbar sind:</b></span></span></p>
<p class="western"><span style="font-family: arial, helvetica, sans-serif; color: #000000;"><span style="font-size: large;">Unsere Gruppe trifft sich an jedem dritten Mittwoch im Monat um 19 Uhr im Gemeindezentrum der Kirchengemeinde Seliger Nikolaus Groß, An der Kaiseraue 12, 44807 Bochum-Grumme.</span></span></p>
<p class="western"><span style="font-family: arial, helvetica, sans-serif; color: #000000;"><span style="font-size: large;">Falls Sie Interesse haben, kommen Sie doch einfach vorbei. Sie sind herzlich willkommen!</span></span></p>
<p><span style="font-family: arial, helvetica, sans-serif; font-size: 14pt; color: #000000;">Die Arbeit der GGG wird von der Bezirksvertretung Mitte der Stadt Bochum gefördert.</span></p>
<p>&nbsp;</p>
<p><span style="font-family: arial, helvetica, sans-serif; color: #000000;">Beim <strong>Grummer Seenfest</strong> am 27. und 28. Juni 2026 haben wir unsere Arbeit vorgestellt.</span></p>
<p><span style="font-family: arial, helvetica, sans-serif; color: #000000;"><img alt="GeschichtsGruppeGrumme" loading="lazy" decoding="async" class="alignleft" src="https://ggg.grumme.de/wp-content/uploads/seefest1.jpg" width="305" height="172"></span></p>
<p><span style="font-family: arial, helvetica, sans-serif; color: #000000;">Auch die Bezirksbürgermeisterin Barbara Menke und der OB Jörg Lukat informierten sich an unserem Stand über die Arbeit der GGG.</span></p>
<p><span style="font-family: arial, helvetica, sans-serif; color: #000000;">Der Bezirksbürgermeisterin überreichten wir ein Exemplar unserer Broschüre mit Abbildungen aller Geschichtstafeln.</span></p>
<p><span style="font-family: arial, helvetica, sans-serif; color: #000000;">.</span></p>
<figure style="width: 228px" class="wp-caption alignleft"><img loading="lazy" decoding="async" class="" src="https://ggg.grumme.de/wp-content/uploads/seefest2.jpg" alt="GeschichtsGruppeGrumme" width="228" height="164"><figcaption class="wp-caption-text">&nbsp; &nbsp;&nbsp; <span style="font-family: arial, helvetica, sans-serif; color: #000000;">Fotos Lutz Hochhaus, Ulrich Linnhoff</span></figcaption></figure>
<p><img loading="lazy" decoding="async" class="alignright" src="https://ggg.grumme.de/wp-content/uploads/SeefestBuehne1.jpg" alt="GeschichtsGruppeGrumme" width="215" height="161" data-wp-editing="1"></p>
<p>&nbsp;</p>
<p>uuu</p>
<p>&nbsp;</p>
<p>&nbsp;</p>
<p>&nbsp;</p>
<p style="text-align: center;">&nbsp;</p>
<table style="border-collapse: collapse; width: 100%; height: 55px;">
<tbody>
<tr style="height: 55px;">
<td style="width: 89.884%; height: 55px;">&nbsp;</td>
<td style="width: 10.1159%; height: 55px;">&nbsp;</td>
</tr>
</tbody>
</table>
<p><img loading="lazy" decoding="async" class="aligncenter" src="https://ggg.grumme.de/wp-content/uploads/FotoMuehleGGG-scaled.jpg" alt="GeschichtsGruppeGrumme" width="559" height="384"></p>
<p><span style="font-family: arial, helvetica, sans-serif; font-size: 14pt;">Kontakt: Heinz Schlinkert <u><a href="mailto:ggg@schlinkert.eu">ggg@schlinkert.eu</a></u>.</span></p>
<blockquote class="wp-embedded-content" data-secret="ns8xXhXPsk"><p><a href="https://ggg.grumme.de/?page_id=2204">Archiv</a></p></blockquote>
<p><iframe loading="lazy" class="wp-embedded-content" sandbox="allow-scripts" security="restricted" style="position: absolute; visibility: hidden;" title="„Archiv“ – GeschichtsGruppeGrumme" src="https://ggg.grumme.de/?page_id=2204&amp;embed=true#?secret=EBNvmobn80#?secret=ns8xXhXPsk" data-secret="ns8xXhXPsk" width="500" height="282" frameborder="0" marginwidth="0" marginheight="0" scrolling="no"></iframe></p>
<blockquote class="wp-embedded-content" data-secret="NOBZtUcNqi"><p><a href="https://ggg.grumme.de/?page_id=2487">Rätsel</a></p></blockquote>
<p><iframe loading="lazy" class="wp-embedded-content" sandbox="allow-scripts" security="restricted" style="position: absolute; visibility: hidden;" title="„Rätsel“ – GeschichtsGruppeGrumme" src="https://ggg.grumme.de/?page_id=2487&amp;embed=true#?secret=WdfnrBFIrx#?secret=NOBZtUcNqi" data-secret="NOBZtUcNqi" width="500" height="282" frameborder="0" marginwidth="0" marginheight="0" scrolling="no"></iframe></p>
<p>&nbsp;</p>

<p>Informationen zur GeschichtsGruppeGrumme Im Volkshochschulkurs &#8218;Grummer Geschichte(n) – Erlebt. Erzählt. Erforscht.“&#8216;&nbsp; haben sich 2017 einige Grummer Heimatforscher und Chronisten zur&nbsp; Grummer Geschichts Gruppe (GGG)&nbsp;zusammengefunden. Schon&#8230;</p>
<div class="more-link-wrapper"><a class="more-link" href="https://ggg.grumme.de/?page_id=197">Weiterlesen<span class="screen-reader-text">GeschichtsGruppeGrumme</span></a></div>
