{"id":1491,"date":"2023-02-04T16:53:20","date_gmt":"2023-02-04T16:53:20","guid":{"rendered":"https:\/\/ggg.grumme.de\/?page_id=1491"},"modified":"2025-11-21T09:02:48","modified_gmt":"2025-11-21T08:02:48","slug":"ahlebecke","status":"publish","type":"page","link":"https:\/\/ggg.grumme.de\/?page_id=1491","title":{"rendered":"B\u00e4che &#8211; Teiche &#8211; M\u00fchlen (5) Die Ahlebecke"},"content":{"rendered":"<p><span style=\"font-size: 18pt;\"><strong><span style=\"font-family: arial, helvetica, sans-serif; color: #000000;\">&nbsp; &nbsp; &nbsp; Der verschwundene Zufluss: Die Ahlebecke<\/span>&nbsp;<\/strong><\/span><\/p>\n<p><span style=\"font-family: arial, helvetica, sans-serif; font-size: 12pt; color: #000000;\">Die <strong>Ahlebecke<\/strong> (auch <em>Ahlbecke <\/em>oder <em>Albecke<\/em>) ist ein ehemaliger Zufluss des Grummer Bachs. Sie entsprang an der Castroper Stra\u00dfe oberhalb des heutigen Quellenwegs und floss erst durch ein Tal, dann durch den Teich des H\u00f6hnehofs und weiter \u00fcber die Josefinenstra\u00dfe in den Grummer Bach:<\/span><\/p>\n<table style=\"border-collapse: collapse; width: 100%;\">\n<tbody>\n<tr>\n<td style=\"width: 50%;\">\n<p><figure style=\"width: 367px\" class=\"wp-caption alignnone\"><img loading=\"lazy\" decoding=\"async\" src=\"https:\/\/ggg.grumme.de\/wp-content\/uploads\/Ahlebecke1906.jpg\" alt=\"B\u00e4che - Teiche - M\u00fchlen (5) Die Ahlebecke\" width=\"367\" height=\"318\"><figcaption class=\"wp-caption-text\"><span style=\"font-family: arial, helvetica, sans-serif; color: #000000;\">Aus dem Stadtplan von 1906: Durchgehende Verbindung der Ahlebecke (von S\u00fcdost nach Nordwest) von der Quelle bis zur M\u00fcndung in den Grummer Bach \u00a9 Stadt Bochum, 1823-2020, dl-de\/by-2-0<\/span><\/figcaption><\/figure><\/td>\n<td style=\"width: 50%;\">\n<p><figure style=\"width: 369px\" class=\"wp-caption alignnone\"><img loading=\"lazy\" decoding=\"async\" class=\"\" src=\"https:\/\/ggg.grumme.de\/wp-content\/uploads\/rett-07-Quellenweg-1953.jpg\" alt=\"B\u00e4che - Teiche - M\u00fchlen (5) Die Ahlebecke\" width=\"369\" height=\"236\"><figcaption class=\"wp-caption-text\"><span style=\"color: #000000; font-family: arial, helvetica, sans-serif;\">Tal am Quellenweg vor der Kanalisierung (Archiv H.G. Spichartz)<\/span><\/figcaption><\/figure><\/td>\n<\/tr>\n<\/tbody>\n<\/table>\n<p><span style=\"font-family: arial, helvetica, sans-serif; font-size: 12pt;\"><span style=\"color: #000000;\">Schon 1921 plante der Siedlungsverband eine Ost-West Verkehrsachse, die \u201aVerbandsstra\u00dfe OW IV\u2018, die die St\u00e4dte von Essen bis Dortmund verbinden sollte. 1926 wurde die neue Stra\u00dfe im Grummer Bereich als&nbsp; &#8218;Dortmunder Stra\u00dfe&#8216; gebaut. Dazu wurden im Grummer Gr\u00fcntal Parkanlagen und im Tal der Ahlebecke, unterhalb des heutigen Wachtelwegs, die \u201ePlanschwiese\u201c errichtet. (vgl. Artikel <\/span><a href=\"https:\/\/ggg.grumme.de\/?page_id=460\"><span style=\"color: #000000;\">Grumme und die B1.)<\/span><\/a><\/span><\/p>\n<table style=\"border-collapse: collapse; width: 100%;\">\n<tbody>\n<tr>\n<td style=\"width: 50%;\">\n<p><figure style=\"width: 320px\" class=\"wp-caption alignnone\"><img loading=\"lazy\" decoding=\"async\" src=\"https:\/\/ggg.grumme.de\/wp-content\/uploads\/1928_AusschnittAhlebecke_bochumerAnzeiger.jpg\" alt=\"B\u00e4che - Teiche - M\u00fchlen (5) Die Ahlebecke\" width=\"320\" height=\"301\"><figcaption class=\"wp-caption-text\"><span style=\"font-family: arial, helvetica, sans-serif; color: #000000;\">1928_Ausschnitt aus einem Stadtplan des Bochumer Anzeigers<\/span><\/figcaption><\/figure><\/td>\n<td style=\"width: 50%;\">\n<p><figure style=\"width: 371px\" class=\"wp-caption alignnone\"><img loading=\"lazy\" decoding=\"async\" class=\"\" src=\"https:\/\/ggg.grumme.de\/wp-content\/uploads\/Bild-28-1928-Planschwiese-PS-scaled.jpg\" alt=\"B\u00e4che - Teiche - M\u00fchlen (5) Die Ahlebecke\" width=\"371\" height=\"256\"><figcaption class=\"wp-caption-text\"><span style=\"font-family: arial, helvetica, sans-serif; color: #000000;\">&#8218;Planschwiese&#8216; (Archiv H.G. Spichartz)<\/span><\/figcaption><\/figure><\/td>\n<\/tr>\n<\/tbody>\n<\/table>\n<figure style=\"width: 440px\" class=\"wp-caption alignleft\"><img loading=\"lazy\" decoding=\"async\" class=\"\" src=\"https:\/\/ggg.grumme.de\/wp-content\/uploads\/PlanschwieseBoAnz1930.jpg\" alt=\"B\u00e4che - Teiche - M\u00fchlen (5) Die Ahlebecke\" width=\"440\" height=\"382\"><figcaption class=\"wp-caption-text\">Bochumer Anzeiger 1930<\/figcaption><\/figure>\n<p><span style=\"font-family: arial, helvetica, sans-serif; color: #000000;\"><span style=\"font-size: 12pt;\">In dem oben in der Karte genannten &#8218;Planschbecken&#8216; stand das Wasser nur wenige Zentimeter hoch, \u00e4hnlich einem franz\u00f6sischen <em>&#8218;Plan d&#8217;Eau&#8216;<\/em>. <\/span><span style=\"font-size: 12pt;\">Die Ahlebecke floss an der&nbsp; &#8218;Planschwiese&#8216; vorbei und dann weiter zum Grummer Bach. Die damals geplante Stra\u00dfe &#8218;An der Albecke&#8216; wurde teilweise gebaut und hie\u00df sp\u00e4ter <em>Drosselweg<\/em>. <\/span><span style=\"font-size: 12pt;\">Heinz-G\u00fcnter Spichartz hat dies in seiner Dokumentation <em>&#8218;Bei uns am Wachtelweg&#8216;<\/em> sehr detailliert und mit vielen Fotos dargestellt.<\/span><\/span><\/p>\n<p><span style=\"font-family: arial, helvetica, sans-serif; font-size: 12pt; color: #000000;\">Im Zuge des Ausbaus der Verbandsstra\u00dfe (B1) zur Autobahn wurde das Tal der Ahlebecke am Quellenweg schon 1958 zugesch\u00fcttet. F\u00fcr die Autostra\u00dfe wurde ein Damm quer \u00fcber den Bach gebaut. Quell- und Mischwasser wurden in die Kanalisation eingeleitet. Anfang der 60er Jahre war damit die Ahlebecke endg\u00fcltig von der Oberfl\u00e4che verschwunden. Erhalten geblieben ist aber das Tal zwischen Heideller Stra\u00dfe und Josephinenstra\u00dfe.<br \/>\n<\/span><\/p>\n<p><img loading=\"lazy\" decoding=\"async\" class=\"alignright\" src=\"https:\/\/ggg.grumme.de\/wp-content\/uploads\/KanalrohreAhlebecke.jpg\" alt=\"B\u00e4che - Teiche - M\u00fchlen (5) Die Ahlebecke\" width=\"461\" height=\"329\"><span style=\"color: #000000; font-family: arial, helvetica, sans-serif;\">Das Wasser der Ahlebecke selbst flie\u00dft l\u00e4ngst durch einen Mischwasserkanal, der bei der Unterf\u00fchrung an der Heideller Stra\u00dfe nach Westen abbiegt und zum Abwasserkanal an der Bergstra\u00dfe f\u00fchrt.<\/span><\/p>\n<p>&nbsp;<\/p>\n<p>&nbsp;<\/p>\n<p>&nbsp;<\/p>\n<p>&nbsp;<\/p>\n<p>&nbsp;<\/p>\n<figure style=\"width: 268px\" class=\"wp-caption alignleft\"><img loading=\"lazy\" decoding=\"async\" class=\"\" src=\"https:\/\/ggg.grumme.de\/wp-content\/uploads\/IMG_20210715_102609-1-scaled.jpg\" alt=\"B\u00e4che - Teiche - M\u00fchlen (5) Die Ahlebecke\" width=\"268\" height=\"357\"><figcaption class=\"wp-caption-text\"><span style=\"font-family: arial, helvetica, sans-serif; color: #000000;\">Weg durchs Tal der fr\u00fcheren Ahlebecke zwischen Heideller Stra\u00dfe und Josefinenstra\u00dfe &#8211; Fotos H. Schlinkert<\/span><\/figcaption><\/figure>\n<p><span style=\"font-family: arial, helvetica, sans-serif; font-size: 12pt; color: #000000;\">Die <strong>Renaturierung der Ahlebecke <\/strong>wurde im M\u00e4rz 2022 mit folgender Begr\u00fcndung als Vorschlag zum <strong>&#8218;<\/strong><strong>Klimaplan Bochum 2035&#8242;<\/strong> eingebracht: <em>(Themenbereich: WiR &#8211; leben gr\u00fcn und klimasicher)<\/em><strong><br \/>\n<\/strong><\/span><\/p>\n<p><span style=\"font-family: arial, helvetica, sans-serif; font-size: 12pt; color: #000000;\">Im Rahmen des \u201a<em>Schwammstadt<\/em>\u2018-Projekts w\u00fcrde die Renaturierung Niederschlagswasser binden und dem Hochwasserschutz dienen.<\/span><\/p>\n<p><span style=\"font-family: arial, helvetica, sans-serif; font-size: 12pt; color: #000000;\">F\u00fcr den Sommer w\u00fcrde ein Ausgleich geschaffen f\u00fcr den Hitzestau der gro\u00dfen bebauten Fl\u00e4chen in die N\u00e4he (Stadion, Parkpl\u00e4tze, A40).<\/span><\/p>\n<p><span style=\"font-family: arial, helvetica, sans-serif; font-size: 12pt; color: #000000;\">Nicht zuletzt erg\u00e4be sich auch mehr Lebensqualit\u00e4t f\u00fcr die Anwohner.<\/span><\/p>\n<figure style=\"width: 205px\" class=\"wp-caption aligncenter\"><img loading=\"lazy\" decoding=\"async\" src=\"https:\/\/ggg.grumme.de\/wp-content\/uploads\/ahlebeckeJan24-scaled.jpg\" alt=\"B\u00e4che - Teiche - M\u00fchlen (5) Die Ahlebecke\" width=\"205\" height=\"273\"><figcaption class=\"wp-caption-text\"><span style=\"font-family: arial, helvetica, sans-serif; color: #000000;\">Nach den heftigen Regenf\u00e4llen im Dezember 2023 flie\u00dft wieder Wasser im Bett der fr\u00fcheren Ahlebecke zwischen Heideller und Josephinenstra\u00dfe<\/span><\/figcaption><\/figure>\n","protected":false},"excerpt":{"rendered":"<p>&nbsp; &nbsp; &nbsp; Der verschwundene Zufluss: Die Ahlebecke&nbsp; Die Ahlebecke (auch Ahlbecke oder Albecke) ist ein ehemaliger Zufluss des Grummer Bachs. Sie entsprang an der&#8230;<\/p>\n<div class=\"more-link-wrapper\"><a class=\"more-link\" href=\"https:\/\/ggg.grumme.de\/?page_id=1491\">Weiterlesen<span class=\"screen-reader-text\">B\u00e4che &#8211; Teiche &#8211; M\u00fchlen (5) Die Ahlebecke<\/span><\/a><\/div>\n","protected":false},"author":2,"featured_media":0,"parent":1479,"menu_order":6,"comment_status":"closed","ping_status":"closed","template":"","meta":{"ngg_post_thumbnail":0,"iawp_total_views":102,"powered_cache_disable_cache":false,"footnotes":""},"class_list":["post-1491","page","type-page","status-publish","hentry","entry"],"_links":{"self":[{"href":"https:\/\/ggg.grumme.de\/index.php?rest_route=\/wp\/v2\/pages\/1491","targetHints":{"allow":["GET"]}}],"collection":[{"href":"https:\/\/ggg.grumme.de\/index.php?rest_route=\/wp\/v2\/pages"}],"about":[{"href":"https:\/\/ggg.grumme.de\/index.php?rest_route=\/wp\/v2\/types\/page"}],"author":[{"embeddable":true,"href":"https:\/\/ggg.grumme.de\/index.php?rest_route=\/wp\/v2\/users\/2"}],"replies":[{"embeddable":true,"href":"https:\/\/ggg.grumme.de\/index.php?rest_route=%2Fwp%2Fv2%2Fcomments&post=1491"}],"version-history":[{"count":75,"href":"https:\/\/ggg.grumme.de\/index.php?rest_route=\/wp\/v2\/pages\/1491\/revisions"}],"predecessor-version":[{"id":4798,"href":"https:\/\/ggg.grumme.de\/index.php?rest_route=\/wp\/v2\/pages\/1491\/revisions\/4798"}],"up":[{"embeddable":true,"href":"https:\/\/ggg.grumme.de\/index.php?rest_route=\/wp\/v2\/pages\/1479"}],"wp:attachment":[{"href":"https:\/\/ggg.grumme.de\/index.php?rest_route=%2Fwp%2Fv2%2Fmedia&parent=1491"}],"curies":[{"name":"wp","href":"https:\/\/api.w.org\/{rel}","templated":true}]}}