{"id":1479,"date":"2023-02-05T07:07:21","date_gmt":"2023-02-05T07:07:21","guid":{"rendered":"https:\/\/ggg.grumme.de\/?page_id=1479"},"modified":"2024-11-02T08:06:08","modified_gmt":"2024-11-02T08:06:08","slug":"baeche-teiche-muehlen-uebersicht","status":"publish","type":"page","link":"https:\/\/ggg.grumme.de\/?page_id=1479","title":{"rendered":"B\u00e4che &#8211; Teiche &#8211; M\u00fchlen"},"content":{"rendered":"<h1 class=\"western\" style=\"text-align: center;\"><span style=\"font-size: 14pt; font-family: arial, helvetica, sans-serif;\">Die historische Entwicklung Grummer B\u00e4che<br \/>\n<span style=\"color: #000000;\">anhand von Karten<\/span><\/span><\/h1>\n<p><span style=\"font-family: arial, helvetica, sans-serif; font-size: 12pt; color: #000000;\">Die Region, die man heute Ruhrgebiet nennt, war vor 200 Jahren eine \u201agottverlassene\u2018 Gegend. Am Hellweg waren zwar kleine Handelszentren entstanden, aber die wirtschaftliche Entwicklung fand zun\u00e4chst&nbsp; in den rheinischen und bergischen Regionen statt.<br \/>\nErst im Verlauf der folgenden Industrialisierung kam es zu einer grundlegenden Umgestaltung, die in einem unglaublichen Tempo auch die Landschaft der Ruhr-Region ver\u00e4ndert hat. Das zuvor von W\u00e4ldern, Heidelandschaft und Landwirtschaft gepr\u00e4gte Gebiet wurde von Zechen, Fabriken und Kraftwerken, aber auch von Stra\u00dfen und Siedlungen \u00fcberzogen.<\/span><br \/>\n<span style=\"font-family: arial, helvetica, sans-serif; font-size: 14pt;\"><span style=\"color: #000000;\"><span style=\"font-size: 12pt;\"><em>Das ganze Ruhrgebiet? <\/em>Nein, d<\/span><span style=\"font-size: 12pt;\">enn in unserer Art von Metropole finden sich viele Kleingebiete, in denen die urspr\u00fcngliche Landschaft \u2013 wenn auch mit Einbu\u00dfen &#8211; erhalten geblieben ist. Dazu geh\u00f6rt auch das System des Grummer Bachs.<\/span><\/span><br \/>\n<\/span><\/p>\n<p><img loading=\"lazy\" decoding=\"async\" class=\"alignright\" src=\"https:\/\/ggg.grumme.de\/wp-content\/uploads\/1908-MUeHLE_AK-Gruss-aus-Grumme-Restauration-Halstrick-HGS13176-A-1.jpg\" alt=\"B\u00e4che - Teiche - M\u00fchlen\" width=\"408\" height=\"194\"><\/p>\n<p><span style=\"font-family: arial, helvetica, sans-serif; font-size: 14pt;\">1 <a href=\"https:\/\/ggg.grumme.de\/?page_id=717\" target=\"_blank\" rel=\"noopener\">Topologie des Bachtals<\/a><br \/>\n<\/span><\/p>\n<p><span style=\"font-family: arial, helvetica, sans-serif; font-size: 14pt;\">2&nbsp; <a href=\"https:\/\/ggg.grumme.de\/?page_id=905\">Der Grummer Bach vor der Industrialisierung<\/a><br \/>\n<\/span><\/p>\n<p><span style=\"font-family: arial, helvetica, sans-serif; font-size: 14pt; color: #000000;\">3 <a style=\"color: #000000;\" href=\"https:\/\/ggg.grumme.de\/?page_id=1553\">Der Grummer Bach 1850 &#8211; 1950 <\/a><\/span><br \/>\n<span style=\"font-family: arial, helvetica, sans-serif; font-size: 12pt; color: #000000;\">&#8211; Zeche Constantin<br \/>\n&#8211; <\/span><span style=\"color: #000000; font-family: arial, helvetica, sans-serif;\">WASSER war immer schon wichtig<br \/>\n<\/span><span style=\"font-family: arial, helvetica, sans-serif; font-size: 12pt; color: #000000;\">&#8211; Kaiseraue-Teich <\/span><br \/>\n<span style=\"font-family: arial, helvetica, sans-serif; font-size: 12pt; color: #000000;\">&#8211; Grummer M\u00fchle<\/span><br \/>\n<span style=\"font-family: arial, helvetica, sans-serif; font-size: 12pt; color: #000000;\">&#8211; Schlacken-Halde<\/span><\/p>\n<p><span style=\"font-family: arial, helvetica, sans-serif; font-size: 14pt; color: #000000;\">4 <a style=\"color: #000000;\" href=\"https:\/\/ggg.grumme.de\/?page_id=1555\">Der Grummer Bach seit 1950<\/a><\/span><br \/>\n<span style=\"font-family: arial, helvetica, sans-serif; font-size: 12pt; color: #000000;\">&#8211; \u201aGrummer Seenplatte\u2018 und Kanalisierung am K\u00f6tterberg<\/span><br \/>\n<span style=\"font-family: arial, helvetica, sans-serif; font-size: 12pt; color: #000000;\">&#8211; aktueller Umbau<\/span><\/p>\n<p><span style=\"font-family: arial, helvetica, sans-serif; font-size: 14pt; color: #000000;\">5 <a style=\"color: #000000;\" href=\"https:\/\/ggg.grumme.de\/?page_id=1491\">Der verschwundene Zufluss: Die Ahlebecke<\/a><\/span><\/p>\n<p><span style=\"font-size: 14pt; font-family: arial, helvetica, sans-serif; color: #000000;\">6 <\/span><span style=\"color: #000000;\"><a style=\"color: #000000;\" href=\"https:\/\/ggg.grumme.de\/?page_id=1654\"><span style=\"font-size: 14pt; font-family: arial, helvetica, sans-serif;\"><span style=\"color: #000000;\">Grafiken und Fotos zur Bachgeschichte<\/span><\/span><\/a><\/span><\/p>\n<p><span style=\"font-family: arial, helvetica, sans-serif; color: #000000; font-size: 14pt;\">7 <\/span><a href=\"https:\/\/ggg.grumme.de\/themen\/baeche-teiche-muehlen-uebersicht\/ein-spaziergang-von-grumme-nach-harpen-1937\/\"><span style=\"font-family: arial, helvetica, sans-serif; color: #000000; font-size: 14pt;\">Ein Spaziergang von Grumme nach Harpen 1937<\/span><\/a><br \/>\n<span style=\"font-family: arial, helvetica, sans-serif;\">&nbsp;<span style=\"color: #000000;\">&#8211; ein Bericht zu einem Spaziergang entlang der Grume<\/span><\/span><\/p>\n<p>&nbsp;<\/p>\n<p><span style=\"color: #000000;\"><img loading=\"lazy\" decoding=\"async\" class=\"\" src=\"https:\/\/ggg.grumme.de\/wp-content\/uploads\/pdfSymbol.jpg\" alt=\"B\u00e4che - Teiche - M\u00fchlen\" width=\"43\" height=\"43\"><strong><a href=\"https:\/\/ggg.grumme.de\/wp-content\/uploads\/Schlinkert_BaecheTeicheMuehlen.pdf\"> download<\/a><\/strong> aller Seiten als pdf<\/span><\/p>\n<blockquote><p><span style=\"font-family: arial, helvetica, sans-serif; font-size: 14pt; color: #000000;\"><em>Autor aller Texte: Heinz Schlinkert in Kooperation mit der GeschichtsGruppeGrumme, insbesondere mit Heinz-G\u00fcnter Spichartz und Joachim Kr\u00f6ger<br \/>\n<\/em><\/span><\/p>\n<p><span style=\"font-family: arial, helvetica, sans-serif; color: #000000;\"><span style=\"font-size: 14pt;\">Stand: M\u00e4rz<\/span><span style=\"font-size: 14pt;\"> 2024<br \/>\n<\/span><\/span><\/p>\n<p><span style=\"font-family: arial, helvetica, sans-serif; color: #000000; font-size: 10pt;\"><strong>Literatur:<\/strong><\/span><br \/>\n<span style=\"font-family: arial, helvetica, sans-serif; color: #000000; font-size: 10pt;\">Freund, Karl, <a style=\"color: #000000;\" href=\"https:\/\/www.kortumgesellschaft.de\/id-5-heimatbuch-1951-wie-oesterende-seinen-kirchweg-verlor.html\">Heimatkundliches aus Grumme<\/a> in: 5. Heimatbuch Bochum 1951<br \/>\n<\/span><span style=\"font-family: arial, helvetica, sans-serif; color: #000000; font-size: 10pt;\">Mono, Thomas, Die Geschichte des Bochumer Stadtteils Grumme zwischen 1900 und 1980 im Spiegel erz\u00e4hlender Quellen und Erinnerungen&nbsp;&nbsp; Bochum 1981<br \/>\n<\/span><span style=\"font-family: arial, helvetica, sans-serif; color: #000000; font-size: 10pt;\">Hanke, Hans H., Heimatkunde Bochum \u2013 Stadt und Land 1900. Eine illustrierte Quelle, in: Bochumer Heimatbuch Bd. 8 Bochum 1985<br \/>\n<\/span><span style=\"font-size: 10pt;\"><span style=\"font-family: arial, helvetica, sans-serif; color: #000000;\">K\u00f6hne, Kl\u00e4rung von Zechenabwassern im Emschergebiet in: Gl\u00fcckau<span style=\"font-family: andale mono, monospace;\">f <\/span><\/span><span style=\"font-family: arial, helvetica, sans-serif; color: #000000;\">Berg- und H\u00fcttenm\u00e4nnische Wochenschrift Nr. 52 VL. Jahrgang Essen 24. Dezember 1909, S.1907-1913<br \/>\n<\/span><\/span><span style=\"color: #000000; font-family: arial, helvetica, sans-serif; font-size: 10pt;\">Pr\u00fc\u00df, M., Die neue Kl\u00e4r- und Mischanlage f\u00fcr Kohlenschl\u00e4mme der Gewerkschaft Constantin der Gro\u00dfe , in: Gl\u00fcckauf die Fachzeitschrift f\u00fcr Rohstoff, Bergbau und Energie Essen Druck und Verlag von G. D. Essen 1924<br \/>\nSchlinkert, Heinz, Die historischen B\u00e4che im Einzugsbereich der Emscher, Ihre Entwicklung im Nordwesten Bochums in: Bochumer Zeitpunkte Nr. 44 2024 S.18ff<br \/>\n<\/span><span style=\"font-family: arial, helvetica, sans-serif; color: #000000; font-size: 10pt;\">Spichartz, Heinz-G\u00fcnter, Bei uns am Wachtelweg&#8216; Bochum o.J.<br \/>\n<\/span><span style=\"font-family: arial, helvetica, sans-serif; color: #000000; font-size: 10pt;\">Spichartz, Heinz-G\u00fcnter, Die \u201eKaiser-Aue\u201c in: Bochumer Zeitpunkte Nr. 28 Juli 2012 S. 31ff<br \/>\n<\/span><span style=\"font-family: arial, helvetica, sans-serif; color: #000000; font-size: 10pt;\">Zepp, H., Schmitt, Th., Otto, Karl-Heinz \u00d6kologische und klimatische Perspektiven auf die Stadtlandschaft Bochums Bochum 2020 Aschendorff Verlag<\/span><\/p><\/blockquote>\n","protected":false},"excerpt":{"rendered":"<p>Die historische Entwicklung Grummer B\u00e4che anhand von Karten Die Region, die man heute Ruhrgebiet nennt, war vor 200 Jahren eine \u201agottverlassene\u2018 Gegend. Am Hellweg waren&#8230;<\/p>\n<div class=\"more-link-wrapper\"><a class=\"more-link\" href=\"https:\/\/ggg.grumme.de\/?page_id=1479\">Weiterlesen<span class=\"screen-reader-text\">B\u00e4che &#8211; Teiche &#8211; M\u00fchlen<\/span><\/a><\/div>\n","protected":false},"author":2,"featured_media":0,"parent":458,"menu_order":5,"comment_status":"closed","ping_status":"closed","template":"","meta":{"ngg_post_thumbnail":0,"iawp_total_views":96,"powered_cache_disable_cache":false,"footnotes":""},"class_list":["post-1479","page","type-page","status-publish","hentry","entry"],"_links":{"self":[{"href":"https:\/\/ggg.grumme.de\/index.php?rest_route=\/wp\/v2\/pages\/1479","targetHints":{"allow":["GET"]}}],"collection":[{"href":"https:\/\/ggg.grumme.de\/index.php?rest_route=\/wp\/v2\/pages"}],"about":[{"href":"https:\/\/ggg.grumme.de\/index.php?rest_route=\/wp\/v2\/types\/page"}],"author":[{"embeddable":true,"href":"https:\/\/ggg.grumme.de\/index.php?rest_route=\/wp\/v2\/users\/2"}],"replies":[{"embeddable":true,"href":"https:\/\/ggg.grumme.de\/index.php?rest_route=%2Fwp%2Fv2%2Fcomments&post=1479"}],"version-history":[{"count":52,"href":"https:\/\/ggg.grumme.de\/index.php?rest_route=\/wp\/v2\/pages\/1479\/revisions"}],"predecessor-version":[{"id":3190,"href":"https:\/\/ggg.grumme.de\/index.php?rest_route=\/wp\/v2\/pages\/1479\/revisions\/3190"}],"up":[{"embeddable":true,"href":"https:\/\/ggg.grumme.de\/index.php?rest_route=\/wp\/v2\/pages\/458"}],"wp:attachment":[{"href":"https:\/\/ggg.grumme.de\/index.php?rest_route=%2Fwp%2Fv2%2Fmedia&parent=1479"}],"curies":[{"name":"wp","href":"https:\/\/api.w.org\/{rel}","templated":true}]}}